e 7/21 - (-14)/(-6). Let f(o) = 2*o - 3*o**2 - 8*o**2 + 8*o**2. Let d(b) = -b**2 + b. Let r(w) = y*f(w) + 5*d(w). Calculate r(-2).
2
Let v be 2/(-6)*(-53 + 23). Suppose 0*q + v = 5*j + 3*q, 4*j - 5*q = 45. Let u(m) = m**2 - 6*m - 1. Give u(j).
-6
Let o(u) = 2415*u + 2 - 4*u**3 - 2419*u + 5*u**3 - 1 - u**2. Let h be -3 - (-3)/(9/6). Let n be (-1)/(3*h)*9. Calculate o(n).
7
Let k(r) = 3*r**3 + r**2 + 4*r - 5. Let p be k(0). Let g(v) = -1 - 3 + v + 3*v + v**2. What is g(p)?
1
Let i = -253 - -252. Let y(c) = c + 1 - 13*c**2 - c**2 + 3*c**2. Determine y(i).
-11
Let v(b) = -3*b - 22. Let c be v(-8). Let q(o) be the third derivative of o**6/60 - o**4/12 + 5*o**2. What is q(c)?
12
Let h = -3 + 6. Suppose -3*c - 5*o + 3 = 0, 0*o + h = -o. Let f(y) be the second derivative of y**4/12 - 2*y**3/3 - 2*y**2 - 8306*y. Give f(c).
8
Let b(u) = u**3 + u + 4. Suppose -18 = 2*z - 2*o, 5*z = 3*o - 25 - 14. Let a(c) = -c**2 + 2*c - 6*c - 2*c. Let d be a(z). What is b(d)?
4
Let v(x) = -x**2 - 11*x - 19. Let l(r) = -r**3 - 6*r**2 - 8. Let m be l(-6). Determine v(m).
5
Let y(r) = -6*r + 5. Let x(n) = -5*n + 5. Let l(z) = -z**2 - 8*z + 14. Let a be l(-9). Let b(s) = a*x(s) - 4*y(s). Suppose -4*j + 3 = -9. Determine b(j).
2
Let j(u) = -2*u**2 - 4*u**3 + 3*u**3 + 1 + 7*u - 12*u + 6*u. Let r be j(-1). Let w(h) = 6*h - 1. Give w(r).
-7
Let c(r) = -r**2 - 19*r - 2. Let z = -54 - -35. Let w be c(z). Let y(t) = t**3 + 3*t**2 + t - 2. Determine y(w).
0
Let o(b) = 2*b**2 + 6*b + 3. Let r be 12/(-8)*(-72)/(-27). Determine o(r).
11
Let m(y) = 28*y + 28. Let v(n) = 47*n + 42. Let c(t) = -8*m(t) + 5*v(t). Give c(6).
52
Let v(a) = -a**3 + 5*a**2 + 5. Let g be (63/27)/(3/9). Let s be g + (0/4 - 2). Let i be s - ((-2 - 2) + 4). Give v(i).
5
Let u(n) = -2*n**2 + 9*n. Let j(l) = -3*l**2 + 17*l + 1. Let m(z) = -4*j(z) + 7*u(z). Determine m(-3).
-7
Suppose -a - 11 = 2*h, 3*a - 26 = 4*a + 5*h. Let x(t) be the second derivative of 0 + 1/2*t**2 + 1/20*t**5 - 1/12*t**4 + 10*t + 0*t**3. Determine x(a).
-1
Let z(m) = -m**2 + 8*m + 6. Let n(q) = 2*q**3 + 14*q**2 + 5*q + 42. Let t be n(-7). Calculate z(t).
13
Let s(i) = 1. Suppose 0*f = -f - 2. Let h be 2 + 0 + f - 1. Let m(d) = -d. Let k(b) = h*m(b) + 5*s(b). What is k(-9)?
-4
Suppose 0 = -2*v - i - 60, 97 - 13 = -2*v + 5*i. Let d = v + 28. Let o(w) = -2*w**2 - 4*w + 1. What is o(d)?
-15
Let a(k) = -k + 3 + 13*k - 11 + 824*k**2 - 415*k**2 - 410*k**2. Determine a(11).
3
Suppose -6*u + 2*m + 275 = -u, 5*u = -2*m + 275. Suppose -6*z - 19 = -u. Let d(i) = i**2 - 6*i + 4. What is d(z)?
4
Let x(z) = 5*z + 26. Let n(j) = -3*j - 25. Let g(m) = -3*n(m) - 2*x(m). Suppose -3*s = 4*b - 12, -3*s + 3 = -4*b + 5*b. Calculate g(s).
23
Let a = 2078 - 2083. Let j be 0 + 2 + (-4)/(-2). Let o(k) = k**3 + 3*k + 4*k**2 - 7*k + 2 + j. What is o(a)?
1
Let h(k) = 5*k - 13. Let l(r) = -2*r + 4. Let a(j) = -3*h(j) - 8*l(j). Let u be a(-7). Suppose u*i = 2*i. Let y(o) = o**2. What is y(i)?
0
Let v(i) = -i**2 + 34*i - 26*i - 16*i + 13. Calculate v(-9).
4
Let o(r) be the second derivative of -r**5/20 + r**3/3 - r**2/2 - 2*r - 1. Let y(t) = -2*t**2. Suppose 0 = 2*q - 5*q + 3. Let i be y(q). Determine o(i).
3
Let n(y) = -311*y**2 + 2 + 153*y**2 - 5*y - 5 - y**3 + 152*y**2. Give n(-4).
-15
Suppose t + 6 - 2 = 0. Let g(a) be the first derivative of 2*a**3/3 + 5*a**2/2 + 4*a + 49. Determine g(t).
16
Let h(j) = -13*j - 5. Let r(k) = 24*k + 9. Let f(y) = -11*h(y) - 6*r(y). Give f(9).
-8
Let i be 12/(-28) - ((-81)/(-7) + -5). Let j(r) = -2*r + 5. Calculate j(i).
19
Let x(k) = 4*k**2 - 2*k + 11. Let j(a) = -2*a**2 - 2. Let n(g) = -5*j(g) - x(g). Calculate n(1).
7
Let r be 4/6*(11 + -5). Let a(x) be the second derivative of -x**5/60 + x**4/4 + 7*x**3/3 + 16*x. Let w(i) be the second derivative of a(i). What is w(r)?
-2
Suppose -2*c + 4 = -0. Let f be 5/((-5)/c) + 4 - 0. Let p(l) = 2*l - 2. What is p(f)?
2
Let a(o) = -5*o**2 - 24*o - 16. Let j(m) = 11*m**2 + 51*m + 33. Let l(y) = 13*a(y) + 6*j(y). Let k = 3 + 4. What is l(k)?
-3
Let n be (1 - 0) + 0 - 16. Suppose -44 = 4*r + 3*q, -r - 17 + 6 = -4*q. Let g = n - r. Let b(o) = o**2 + 2*o - 5. What is b(g)?
3
Let n be ((-27)/(-6) + -1)*(-19 + 17). Let a(c) = c**3 + 7*c**2 - 5. What is a(n)?
-5
Let c(a) = 4*a**2 - 5*a**2 - 318742 + 318729 - 10*a. Suppose -2*f - 6 = 12. Calculate c(f).
-4
Suppose 64*x - 44*x + 20 = 0. Let t(z) = z - 1. What is t(x)?
-2
Let w(c) = c - 2. Suppose 16*o = 15*o + 38. Suppose -5*p - o = -13. Give w(p).
-7
Let a(m) = 12*m**2 - 1. Suppose -3*j + j + 37 = 5*t, -t + 17 = 2*j. Suppose -7 = -j*k + 13*k. Determine a(k).
11
Let u(m) = 131*m - 64*m - 3 - 65*m - 6 - 4. Determine u(8).
3
Let y(i) be the second derivative of -i**5/20 + 5*i**4/12 + 7*i**3/6 - i**2/2 + 17*i. Suppose 4 = 2*k - 2, 4*m - k = 21. What is y(m)?
5
Let l(h) = -2*h - 10. Let o(q) = -q**3 - 5*q**2 + 39*q + 34. Let g be o(-9). Give l(g).
-24
Let u(n) = n**3 + 34*n + 3 - 28*n - 8*n + 3*n**2. Determine u(-4).
-5
Let u(s) = -s**3 + 7*s**2 - 5*s - 5. Let x(g) = -g**3 + 8*g**2 - 6*g - 6. Let h(w) = 5*u(w) - 4*x(w). Calculate h(3).
-4
Let o(u) = 4*u**3 - 4*u**2 + 7*u**3 - 10*u + 9*u**2 - 3 - 10*u**3 - 15. Determine o(-6).
6
Let q(i) = -6*i + 6*i + 405 - 406 - i. What is q(-7)?
6
Let o(h) be the third derivative of -h**6/120 + h**5/20 - h**4/12 - h**3/3 - 3*h**2. Let y(n) = n + 8. Let v be y(-6). Give o(v).
-2
Let f(j) = -j + 4*j + 3 + 0*j + 3*j + 3*j. Give f(4).
39
Let g(s) be the second derivative of s**5/20 + 2*s**4/3 - 7*s**3/6 + 6*s**2 + 2*s - 59. Calculate g(-9).
-6
Let s(a) be the third derivative of a**7/840 + a**6/90 + a**5/24 + a**4/12 + 6*a**3 - 4*a**2. Let t(v) be the first derivative of s(v). Give t(-3).
-4
Let r(n) = -2*n**2 + n + 1. Let w be r(-1). Let b(t) = -5*t + 5. Let f(q) = -5*q + 3. Let v(d) = -2*b(d) + 3*f(d). Determine v(w).
9
Let c be (-14)/(-77) - (62/44)/((-1)/2). Let f(x) be the second derivative of x**3/6 + x**2 - x. Calculate f(c).
5
Let r(b) be the first derivative of b**6/120 - b**5/10 - b**4/4 - b**3/2 - 11*b**2 + 19. Let j(x) be the second derivative of r(x). Calculate j(7).
4
Let l(h) = h. Let r be l(-5). Let y(t) = -t**3 + 7*t + 4. Let x(s) = s**3 + s**2 - 7*s - 4. Let u(i) = 4*x(i) + 3*y(i). What is u(r)?
6
Suppose 5*y - 17 = -2*d, -y - 2*y = 4*d - 13. Let g(h) = -h - d + 3 + 2*h - 1. What is g(5)?
6
Let l be (-184)/40 - (-6)/(-15). Let c be (-3)/(-2)*(-8)/(-3). Let f(x) = -7 + x**2 + x**3 + 12 + c*x**2. Calculate f(l).
5
Let c(s) = -13*s**2 - 4*s + 5. Let t(f) = 14*f**2 + 5*f - 6. Suppose 0*r - r + 4 = 0. Let x(m) = r*t(m) + 5*c(m). Determine x(-1).
-8
Let d(t) = t**3 - 4*t**2 + 4*t - 3. Let f(v) = v - 30. Let k be f(33). Determine d(k).
0
Suppose -5*s = 3*f + 5, 3*f + 12 = 2*s - 7. Let h be (s/6)/(6/54). Let r(k) = -3*k + k**2 + 4*k**h - 4 + 3 - 10*k**3 + 4*k. Give r(1).
-5
Let y(h) = h**3 - 5*h**2 + 1. Let i(q) be the third derivative of q**4/24 + 11*q**3/6 + 19*q**2. Let v be i(-9). What is y(v)?
-11
Let m(s) = -s**2 - 7*s + 8. Suppose 164 = -5*f + 39. Let k = 29 + f. Suppose 0 = x - k*x - 21. Calculate m(x).
8
Let f(k) be the first derivative of 5*k**2/2 - 2*k - 1. Suppose 4*v + 3*s = 5 - 4, 7 = 4*v + 5*s. Let z = v + 0. Give f(z).
-12
Let h be ((-27)/108)/((-2)/32). Let x(w) = -w**2 + 7*w - 2. Give x(h).
10
Let z be ((-2)/2 - -1) + 6. Suppose 65*d - 86 = 22*d. Suppose -z*q + 5*q = -d. Let n(h) = -h**2 - 1. Calculate n(q).
-5
Let m(p) = 11*p - 169. Let d be m(15). Let r(t) = t**3 + 6*t**2 + 5*t - 7. What is r(d)?
5
Let i be (-3)/18 - (5915/(-42))/(-13). Let u(g) = g + 20. Calculate u(i).
9
Suppose 3*r - 18 = a, 2*r + a = 4*a + 19. Suppose 3*q = -r + 23. Let y(o) = o**3 - 7*o**2 + 9*o - 7. What is y(q)?
11
Let a(t) be the second derivative of 7/2*t**2 - 1/20*t**5 - 3*t + 1/6*t**3 - 3/4*t**4 + 0. Suppose -17 = 2*u + 1. Determine a(u).
-2
Let q(l) = -6 - 98*l**2 + l + 99*l**2 - 2*l. Let h = 10 + -6. Let a be q(h). Let f(z) = z**3 - 6*z**2 + 2*z - 6. Determine f(a).
6
Let c(v) = 0 - 1 + 2*v**3 - 6 + 4*v**2 + 11. Calculate c(-3).
-14
Let n be -1 + (1 - 0 - 1). Suppose -19*p = -15*p - 96. Let b(r) = 6*r - 10 - p + 33. Calculate b(n).
-7
Let q(c) = -2*c**3 - 2*c**2 - c + 2. Suppose -8*z - 19 = -27. Give q(z).
-3
Let p(k) = -18*k + 6. Let o(z) = 15*z - 4. Let a(f) = -5*o(f) - 4*p(f). Determine a(3).
-13
Let x = 336 + -332